 t(g)?
2, 5, 19
Let x(z) = z**3 - 7*z**2 + 8*z - 4. Let q be x(6). Suppose -4*o = -32 + q. Let l(j) = 2*j + 10. What are the prime factors of l(o)?
2, 11
Let w = 21 + -2. Let q = 21 - w. List the prime factors of 9 - (8 + (-2 - q)).
5
Suppose -163*b + 19800 = -139*b. List the prime factors of b.
3, 5, 11
Suppose 139261 = 2*b + 45*b. List the prime factors of b.
2963
Let j(f) = 7*f**2 - 4*f - 13. Let z(l) = -l - 2. Let q be z(1). List the prime factors of j(q).
2, 31
Let g = -42 + -96. Let m = -70 - g. List the prime factors of m.
2, 17
Let c = -7 + 9. Suppose -n + 144 = u + 2*n, -288 = -c*u - n. Suppose 19*k = 23*k - u. List the prime factors of k.
2, 3
Let k(x) = 4*x**2 + 51*x - 25*x - 21*x + 6. List the prime factors of k(-3).
3
Let v = 17 - -69. Suppose -d + v - 4 = 0. List the prime factors of d.
2, 41
Suppose 0 = -5*w - 10, 11*w - 3622 = -2*g + 12*w. List the prime factors of g.
2, 5, 181
Suppose t = 2*t - 49. Let j = t + -29. What are the prime factors of 15/j + (-154)/(-8)?
2, 5
Suppose 0*s + 2 = s, -4 = 2*n - 5*s. Let h(f) = 0*f**3 - 2*f + 2 + n*f - 11*f**2 - f**3 - 4*f. What are the prime factors of h(-11)?
5, 7
Let g = 227 - 346. Let f = g + 249. What are the prime factors of f?
2, 5, 13
Suppose 5*j = -10, 3*v + v = j - 14. Let q = 2 - -4. Let h = v + q. List the prime factors of h.
2
Let l(r) be the first derivative of -17*r - 15/2*r**2 - 14. List the prime factors of l(-5).
2, 29
Suppose -z - z = g + 7, 5*z = 4*g + 2. Let i = z + 2. Suppose 5*o - o - 220 = i. What are the prime factors of o?
5, 11
List the prime factors of (7/14)/((-1)/(-5*2)).
5
Suppose -2*d = 2*d + 48. Let m = d + 16. Suppose -z + m*z = 60. List the prime factors of z.
2, 5
Let z = 2241 - 1420. What are the prime factors of z?
821
Let n(q) = 8*q + 183. List the prime factors of n(7).
239
What are the prime factors of 4*(1 + (-13188)/(-16) + 1)?
5, 661
Suppose 3*u + 18 = -0*u. Let l be u/((-1)/(20/(-8))). What are the prime factors of ((-5)/l)/((-2)/(-174))?
29
Let q = -62 - -65. Suppose q*b + s = 833, 0 = 3*b - 5*b - s + 555. What are the prime factors of b?
2, 139
Let u = 1033 - 671. Suppose 331 = f + 3*t, t = 3*f - u - 601. Suppose -5*w - 122 = -f. List the prime factors of w.
2, 5
Let w = 25 - 22. Suppose -2*i + 1 = w. What are the prime factors of (-34 + i)*28/(-70)?
2, 7
Let y be 0 - (-2 + 5)*-1. Let r be ((-10)/(-6))/(y/180). Let k = r - 70. What are the prime factors of k?
2, 3, 5
Suppose 8*y + 38 = -18. Let k = y - -58. What are the prime factors of k?
3, 17
Suppose g + 10 = 14. Suppose -g*i + 4*w + 32 = 0, 3 = -5*w + 23. List the prime factors of i.
2, 3
Suppose 3*b = 4*j - 14699, -61*b = -64*b + 9. List the prime factors of j.
3677
Let f be (2 - 6)*7/(-2). Suppose 2*a = -z + 2, -8*a + 2*z = -3*a - f. Suppose -3*s + 12 = -a*s. What are the prime factors of s?
2, 3
Suppose -3*u + 59 = -m, 8*u - 5*u = -m - 35. Let r = m - -117. What are the prime factors of r?
2, 5, 7
Let o = -244 - -2801. What are the prime factors of o?
2557
Let k(r) = 6*r**2 + 32*r + 170. List the prime factors of k(-7).
2, 3, 5
Suppose -3*h - 3*z - 2*z = 10, 0 = h + 5*z. Let i(o) = 2*o - 6. Let j(t) = -t. Let p(q) = -2*i(q) - 6*j(q). What are the prime factors of p(h)?
2
Let r = 927 - 515. Suppose 3*g - r = -2*d + 8*g, 4*g - 8 = 0. List the prime factors of d.
211
List the prime factors of ((-2641)/76)/((-2)/32).
2, 139
Let i = -15 + 12. Let t(k) = -4*k**3 + 4*k**2 + 2*k + 10. What are the prime factors of t(i)?
2, 37
Suppose 0 = i - 5*i + 424. Let p = i - 62. What are the prime factors of p?
2, 11
Suppose -8 = -25*g + 23*g. Suppose 180 = 4*m - g*o, 4*m - m + 2*o - 120 = 0. List the prime factors of m.
2, 3, 7
Let b be -3*69/(-9) + 2. Suppose -2*d + b = -53. What are the prime factors of d?
3, 13
Suppose 0*i = -5*h - 4*i + 3101, 2*h - 4*i - 1218 = 0. List the prime factors of h.
617
Let l = -211 - -336. What are the prime factors of l?
5
Suppose 3*u + 0*c - 1134 = -2*c, 5*c = -2*u + 756. List the prime factors of (-16)/(-20) - u/(-15).
2, 13
Let o(k) = 17*k - 8. Suppose -2*n = n - 18. Let h be o(n). Suppose 0 = -5*f + 11 + h. What are the prime factors of f?
3, 7
Suppose 2*y - 123 = -z + 21, 441 = 3*z - 3*y. List the prime factors of z.
2, 73
Suppose 5*v - 3*h = 1795, -12*v + 15*v - 1106 = -4*h. List the prime factors of v.
2, 181
Let y = -70 - -73. Suppose y*v + 0*v + 4*k - 785 = 0, 0 = -5*k + 10. What are the prime factors of v?
7, 37
Let p(n) = 60*n + 2. Let v be p(3). Suppose 0 = -5*s + 2 - v. Let a = s + 53. What are the prime factors of a?
17
Let x be 326/(-4) - (-16)/32. Let j = -15 - x. List the prime factors of j.
2, 3, 11
Let d be (3 - 0)*(-66)/9. Let n = -14 - d. Suppose -2*p - m + 95 = 0, 3*p - n*p = -m - 234. List the prime factors of p.
47
What are the prime factors of (-11)/33 + 3136/3?
5, 11, 19
Let s = 13 + -14. Let u = -2 - -5. List the prime factors of (0/(-4) - u)/s.
3
Let m(o) = 25*o**2 + 16*o - 9. List the prime factors of m(-4).
3, 109
What are the prime factors of 10/(-50) - (8379/15)/(-3)?
2, 3, 31
Let y = 1934 - 1366. List the prime factors of y.
2, 71
Suppose 5*s = 10*s + 20. List the prime factors of (s - -5) + 2 + 8.
11
Let a(p) = -12*p + 19. Let k = 91 + -93. List the prime factors of a(k).
43
Suppose -3*q = 3*q + 24. List the prime factors of q*(-31)/2 - 1.
61
Suppose -2*l - 6*p + 4*p = -10, 0 = -4*l - 5*p + 23. Suppose -585 = -3*c - l*c. What are the prime factors of c?
3, 13
Let f = 115 + -72. List the prime factors of f.
43
Suppose -23*x = -29*x + 150. Let g be 4/1 + -1*1. Suppose g*h = -10 + x. What are the prime factors of h?
5
What are the prime factors of (-6 + 24 - -6)*6?
2, 3
Let u(b) = 227*b - 96. List the prime factors of u(5).
1039
Let o be 28*(0 + (-4)/(-14)). Suppose -o*m = 2*m - 1830. What are the prime factors of m?
3, 61
Suppose 18*y = 14*y + 192. Suppose 54 = 5*k - 16. Suppose -2*f = k - y. List the prime factors of f.
17
Suppose 0 = -83*w + 73540 + 167326. What are the prime factors of w?
2, 1451
Let i = -36 - -19. Let g(s) = s**2 + 16*s - 15. Let f be g(i). Suppose -p + 135 = f*p. What are the prime factors of p?
3, 5
Let v = -761 + 1769. What are the prime factors of v?
2, 3, 7
Let b = -925 + 1777. List the prime factors of b.
2, 3, 71
Let b = -1379 + 2227. What are the prime factors of b?
2, 53
Let z = 15 + -13. Suppose 78 = -4*y + 5*c, z*c + 5 = 1. Let l = y - -55. What are the prime factors of l?
3, 11
Suppose -b + 614 = 4*k, -b - b = -k + 158. Suppose -30 = -5*n - 2*m + 355, 4*m - k = -2*n. What are the prime factors of n?
7, 11
Let n(l) = l**3 - l**2 - 7*l + 1. Suppose -6*i + 44 = 5*i. List the prime factors of n(i).
3, 7
Let l be 1/(((-4)/(-16))/(5/(-4))). Let c(k) = 8*k**2 - k + 2. What are the prime factors of c(l)?
3, 23
Suppose -4*q = -4, 0*x + 2*q = x - 72. Suppose -3*c + 118 = -x. Suppose 8 = 2*a + l - 17, 0 = 5*a + 3*l - c. What are the prime factors of a?
11
Let t(v) = 9*v - 5. Let p(z) = 1 + 2 + 6 + 4 + 3*z - z**2. Let n be p(5). What are the prime factors of t(n)?
2, 11
Suppose 8*c - 12787 = -11*c. What are the prime factors of c?
673
Let h = 64 - -31. What are the prime factors of (h/(-10) + 3)*-2?
13
Let a = -11 - -34. Let p = a - -37. List the prime factors of p.
2, 3, 5
Let d be -3 - (-8 - -9)*(0 - 318). Suppose -8*f + 605 = -d. List the prime factors of f.
5, 23
Let f = 989 - 115. What are the prime factors of f?
2, 19, 23
Suppose -c = 26*w - 31*w - 3263, c - 3243 = w. List the prime factors of c.
2, 1619
Let s be (-8 + 3 - -4)/(-1). What are the prime factors of (s - 1) + (1 - -68)?
3, 23
Let g(p) = 2*p**2 + 22*p + 9. Let l be g(-16). Let a = l + -340. Let k = 250 + a. What are the prime factors of k?
79
Let s be ((-3)/(-1))/((-4)/4). Let p be -4 - (0 + -1 + s). Suppose p*h = -4*h + 40. List the prime factors of h.
2, 5
Let q(f) be the second derivative of 2*f**3/3 - 15*f**2/2 - 2*f. Let o = -7 + 23. List the prime factors of q(o).
7
Let q(k) = k**3 + 9*k**2 + 8*k + 17. List the prime factors of q(-7).
59
Suppose 2*c + 8 = 2*u, 0 = 3*u + c - 3 - 1. What are the prime factors of -717*3/(-27) + u/(-3)?
79
Let k(r) = -2*r**3 - 6*r**2 - 15*r - 5. Let q(g) = -3*g**3 - 7*g**2 - 15*g - 6. Let z(s) = 5*k(s) - 4*q(s). List the prime factors of z(5).
2, 31
What are the prime factors of 13931/5 + (9 - (-230)/(-25))?
2,